
11
Let z(k) be the second derivative of -k**4/12 + 18*k**2 - 3*k. Let l be z(0). What is the greatest common factor of 24 and l?
12
Suppose 3*m - 45 = -21. Calculate the highest common divisor of m and 40.
8
Let c(s) = 3*s**2 - 4*s - 8. Let o be c(10). What is the greatest common factor of o and 28?
28
Suppose -3*h + 20 = 2*u - 6*h, -46 = -4*u + 3*h. Suppose 3*c - 8*c - s + 69 = 0, 3*s + 40 = 4*c. Calculate the highest common factor of c and u.
13
Let y(b) = 3*b**2 - 2*b**2 + 5 - 6 + b. Let n be y(-4). Suppose 4*w - 4 = -0*w. Calculate the highest common divisor of n and w.
1
Let m = 33 - 17. Let f be (-4)/14 - 4/(-14). Suppose f = 2*t - 5*x + x - 168, -2*x = 2*t - 156. Calculate the greatest common factor of t and m.
16
Let u(a) = 6 - 3*a - 7*a - 5 + 5*a. Let h be u(-3). What is the highest common divisor of 4 and h?
4
Suppose 3*i = 3*y - 321, -4*i - 4*y = y + 410. Let j = 0 - i. What is the greatest common factor of 15 and j?
15
Suppose 2*f = -f - 21. Let n = f + 16. Suppose -104 = -4*m - 2*j, 5*m + 0*j - 143 = 4*j. What is the highest common factor of m and n?
9
Let a = -5 + 9. Calculate the greatest common divisor of a and 1.
1
Suppose -x + 3*i - 15 = -i, 4*i = 16. Let r be 2/(2 + -4) + x. Suppose r = 3*f - 27 - 36. What is the highest common divisor of 14 and f?
7
Let h be (42/8)/(9/(-24)). Let b = -1 - h. Calculate the greatest common factor of 13 and b.
13
Let a be (1 + -4)*5*-1. Suppose 0 = 4*u - 22 - 518. Calculate the greatest common factor of u and a.
15
Suppose -1 = 4*z - 9. Suppose z*d = -4*n + 964, -3*n = -7*n + 5*d + 978. What is the highest common factor of 22 and n?
22
Let o = -21 - -11. Let q = -9 - o. Let z be (-1 + q + 1)*75. What is the greatest common divisor of z and 30?
15
Let b = -5 - -41. What is the greatest common factor of b and 8?
4
Suppose 9*k + 72 = 12*k. What is the highest common factor of 8 and k?
8
Suppose 4*u - 44 - 4 = 0. Suppose -4 = -w - 12. Let j = u + w. Calculate the greatest common divisor of 20 and j.
4
Let b = 18 + -3. What is the greatest common factor of 45 and b?
15
Let t(l) = 23*l + 6. Let u be t(4). What is the highest common divisor of 14 and u?
14
Suppose 3*p - 145 = -2*p. Suppose -p = z + 3*v, -z + v = 2*v + 23. Let n = 4 - z. Calculate the greatest common divisor of 8 and n.
8
Let t(o) = o**2 + 7*o - 2. Let s be t(-8). Let r(q) = -q**2 + 9*q - 4. Let k be r(s). What is the greatest common divisor of 84 and k?
14
Let w be 34/12 + (-2)/(-12). Let y be 2*(w + -2) + 30. Calculate the greatest common divisor of y and 8.
8
Let p(c) = 6*c**2 - 5*c**2 + 0*c + c**3 - c. Let h be p(-2). Let w be (-1 - 0)/(h/22). Calculate the greatest common divisor of w and 110.
11
Let p = -156 - -171. What is the greatest common divisor of 15 and p?
15
Let m(r) = r**3 - 3*r**2 - 4*r + 3. Let x be m(4). Suppose -3*o - 198 = -2*s, -s - o = x*o - 99. Calculate the highest common divisor of 9 and s.
9
Let u(p) = -p**3 - 7*p**2 + 5*p + 2. Let k be u(-8). Let r = k + 6. Calculate the highest common factor of r and 16.
16
Let i(b) = b**3 + 9*b**2 + 7*b - 14. Let r be i(-7). What is the highest common factor of 7 and r?
7
Suppose -20 = 4*k, 0*x + 2*x - 102 = -2*k. Calculate the highest common factor of 42 and x.
14
Let u(q) be the second derivative of q**5/20 - 7*q**4/12 + 2*q**3/3 + q. Let j be u(7). Calculate the greatest common factor of 7 and j.
7
Suppose 4*a + 3*s = -55, 3*a + 4*s + 31 + 5 = 0. Let l = a - -30. What is the greatest common divisor of l and 126?
14
Let k(y) = -11*y - 7. Let v be k(5). Let s = v + 110. Suppose 0*x + s = 3*x. Calculate the highest common factor of x and 96.
16
Let i = -32 - -76. Calculate the highest common factor of i and 33.
11
Let n be (4*3)/((-3)/(-2)). Suppose -n - 5 = -w. Let l(u) = -21*u - 9. Let v be l(-6). What is the highest common factor of v and w?
13
Suppose -37*v + 41*v = 16. What is the highest common factor of v and 2?
2
Suppose -w + 2*u - 16 = 0, 4*u + 27 = -5*w + 3. Let z be (-178)/w + (-1)/4. Calculate the highest common divisor of z and 110.
22
Suppose f = -2*c + 137, -2*f - 2*f = -2*c + 142. Suppose -7 = -4*g + c. Calculate the highest common factor of g and 19.
19
Let f(n) = -3*n**3 - 2*n**2 - 7*n - 5. Let z be f(-1). Suppose 0 = -0*l + l - 9. What is the highest common divisor of z and l?
3
Let s(m) = 10*m - 173. Let x be s(29). Let g(h) = h**3 - 3*h**2 + 5*h - 2. Let w be g(3). What is the highest common factor of w and x?
13
Let m = -83 + 85. What is the greatest common factor of m and 2?
2
Let x be (28/(-7))/(2 - (-20)/(-9)). Let p(i) = 2*i**2 - 2. Let n be p(-2). Calculate the greatest common factor of x and n.
6
Let b(f) = f + 14 + 2*f**2 - 3*f**2 + 8. Suppose 2*m - n = -2, -5*n + 10 = m + 2*m. Let t be b(m). What is the highest common factor of t and 110?
22
Let w = 5 - 2. Suppose 7 = -l + w*t, 5 = 3*l - 5*l + 3*t. Suppose l*k = 96 + 2. What is the highest common divisor of k and 7?
7
Let p be 8 + (0 - (-2)/2). Suppose 1 = -2*w + 4*i + 3, 4*w = 3*i + p. Suppose j + 126 = w*j. What is the highest common divisor of 7 and j?
7
Let s(t) = -t + 7. Let m = -1 - -1. Suppose m = d + 6. Let f be s(d). What is the highest common factor of 26 and f?
13
Suppose 8*w = 5*w + 480. What is the highest common factor of w and 20?
20
Suppose -9*c = -5*c - 864. What is the greatest common factor of 27 and c?
27
Let v be 2*2/(8/22). Calculate the highest common divisor of v and 22.
11
Suppose -5*w + 20 = -15. Suppose 2*g = -g. Let b = 56 - g. Calculate the highest common divisor of b and w.
7
Suppose -4*c - 3 = q + 1, -3*q + 1 = -c. Let a = 2 + q. Suppose a*j - 28 = -2*j. Calculate the highest common factor of 21 and j.
7
Let x = 77 - 61. What is the greatest common factor of 16 and x?
16
Suppose -4*v = 0, -3*j - 9*v + 5*v = -36. What is the greatest common factor of j and 16?
4
Suppose 0 = 2*q + 4*s - 28 + 4, -3*q - 4*s + 34 = 0. Let y = q - -53. Calculate the greatest common divisor of 9 and y.
9
Suppose 5*d - 35 = 5. What is the highest common divisor of d and 8?
8
Let m(k) be the first derivative of 99*k**4/2 + 1. Let q be m(1). Calculate the highest common divisor of q and 18.
18
Let h(q) = -5 + 1 - 16*q + 2 - q**2 + 3*q. Let u be h(-11). Suppose 0*r + u = r. What is the highest common divisor of 40 and r?
20
Suppose -2594 = -3*z - 2*z + 3*c, 2596 = 5*z - 2*c. Suppose -6*b = -2*b + z. Let y = -70 - b. Calculate the highest common factor of y and 12.
12
Suppose -4*q = -7*q + 114. Let h = -23 + q. Calculate the highest common factor of h and 60.
15
Suppose -3 = 3*n - 21. Let m be (-4)/n - (-22)/6. Let x(s) = -s - 4. Let o be x(-7). What is the greatest common divisor of m and o?
3
Let z = 21 - 17. What is the highest common factor of z and 44?
4
Let j be 44/(-4)*(-3 + 2). Calculate the highest common divisor of 44 and j.
11
Suppose 0 = -2*l + 4*l - 162. Let m = 141 - l. Calculate the greatest common divisor of 40 and m.
20
Let h = 14 - 0. What is the greatest common factor of h and 154?
14
Suppose -6*q = 24 - 78. Suppose -18 = -u - u. What is the greatest common factor of q and u?
9
Suppose 0*s + 5*s + 2*b = 24, -3*s - 5*b + 3 = 0. Suppose p - s*p + 15 = 0. Suppose -d + 220 = p*d. What is the highest common divisor of 5 and d?
5
Suppose -4 + 31 = 3*b. Calculate the highest common factor of b and 36.
9
Let b(k) = k**2 - 15*k + 4. Let y be b(15). Calculate the greatest common divisor of y and 20.
4
Suppose -n - 4 = -2*n + m, 2*n - 11 = 5*m. What is the highest common divisor of n and 9?
3
Let k = -12 + 108. Calculate the highest common divisor of 12 and k.
12
Let w(d) = 8 - d - d**3 + 0*d**3 + 7*d**2 + 2*d**3. Let x be w(-7). Calculate the highest common divisor of 105 and x.
15
Let z = -11 + -2. Let c(d) = -d**3 - 7*d**2 - 2*d - 4. Let y be c(-6). Let m = z - y. Calculate the greatest common factor of m and 75.
15
Suppose 2*s + 65 - 219 = -5*b, 0 = 5*b - 5*s - 175. Calculate the highest common factor of b and 2.
2
Suppose -5*a + 10*a = 40. Suppose -6*o + 2 + 10 = 0. What is the highest common divisor of o and a?
2
Let n(w) = -5*w**2 + 8*w + 6. Let j(g) = 4*g**2 - 7*g - 5. Let x(i) = -6*j(i) - 5*n(i). Let c be x(2). What is the highest common factor of 64 and c?
8
Suppose u + 4 = -14. Let t be (-4)/u + 330/(-27). Let h be ((-147)/t)/((-2)/(-8)). What is the highest common 